0 - 5. Let r = z + a. What is the remainder when r is divided by 15?
14
Let d(w) = 11*w**2 - 26*w + 2. Let v be d(5). Calculate the remainder when -1 + (-1112)/(-14) + 84/v is divided by 3.
1
What is the remainder when (-380)/6*90/(-4) is divided by 51?
48
Calculate the remainder when (3/(-1))/((-30)/690) is divided by 56.
13
Let v = 274 + -279. Calculate the remainder when 42 is divided by -9*(140/36 + v).
2
Suppose -40*n + 23*n - 16 = -19*n. Calculate the remainder when 619 is divided by n.
3
What is the remainder when (13 - (-2261)/7) + -6 is divided by 106?
12
Let l(m) = m**2 + 7*m - 9. Calculate the remainder when 883 is divided by l(8).
106
Suppose 7 = -9*g - 38. Let z = 14 + g. Calculate the remainder when 29 is divided by 53/7 - z/(-21).
5
Let v(z) = 29*z. Let a = -1262 + 1781. Calculate the remainder when a is divided by v(2).
55
Suppose 181*o - 458214 = -102*o + 55997. Calculate the remainder when o is divided by 52.
49
Let s = -922 - -958. What is the remainder when 1038 is divided by s?
30
Suppose h + o + 45 = 2*h, 2*h - 4*o - 88 = 0. Calculate the remainder when (h + -101)/(1/(-2)) is divided by 16.
14
Let a(b) = 4*b**2 - 5*b - 17. Calculate the remainder when a(7) is divided by 7.
4
Suppose 80 = -26*b + 31*b - 4*z, -3*z = -5*b + 80. What is the remainder when 503 is divided by b?
7
Let h be 8/10 - -662*12/(-30). What is the remainder when 6/(-15) - h/20*12 is divided by 32?
30
Calculate the remainder when ((-164)/16 - -2)*(-1020)/153 is divided by 19.
17
Calculate the remainder when -1 - -370 - (135/(-15) + 17) is divided by 89.
5
Suppose 2*h + 7 = 17. Suppose 2678 = -12*c - 7006. Let y = -802 - c. What is the remainder when y is divided by h?
0
What is the remainder when 331 is divided by (-325)/130*(-24)/5?
7
Let n = -13506 - -14164. Calculate the remainder when n is divided by 30.
28
Let n = -22135 - -22209. Calculate the remainder when n is divided by (18/(-4))/((-6)/8).
2
Let f = -32 - -53. Suppose 1078*l - 1095*l = -12 - 22. Calculate the remainder when f is divided by l.
1
Let a be -16*21/(-4)*(-2)/3. Let h = 346 - a. What is the remainder when h is divided by 27?
24
Calculate the remainder when 328414262/13090 - 2/(-35) is divided by 34.
31
Let f = -225 - -230. Suppose -15*p + f*p = -130. Calculate the remainder when 86 is divided by p.
8
Let u = 6601 + -6256. What is the remainder when u is divided by 172?
1
Let y(g) = 13*g - 19. Suppose -15*f + 31 + 14 = 0. What is the remainder when y(f) is divided by 18?
2
Let q(v) = 18*v**2 + 22*v + 32. What is the remainder when q(-5) is divided by 170?
32
Let f(k) = 4*k**2 - 62*k - 20. Let o be f(17). Suppose -o*b - 104 = -86*b. What is the remainder when 49 is divided by b?
23
Suppose 30 + 106 = 4*p. Suppose 3*w - 58 = -3*i + 41, 2*i + 46 = 2*w. Suppose 0 = 3*r - 8 - w. Calculate the remainder when p is divided by r.
10
Suppose 5*v = -j + 29, 3*v + j = -80 + 99. Suppose 5*w - 112 - 198 = -v*d, -124 = -2*d - 3*w. Calculate the remainder when d is divided by 21.
20
Calculate the remainder when ((-361)/(-1083))/(-2*(-1)/56850) is divided by 12.
7
Suppose 0 = -2*k - 2*y + 606, 4*y + 26 = 6. What is the remainder when 1854 is divided by k?
6
Let i = -1499 + 3415. Calculate the remainder when i is divided by 128.
124
Let m(h) = 3*h**3 + 35*h**2 - 29*h + 78. Calculate the remainder when m(5) is divided by 69.
10
Let p(n) = n**3 + 19*n**2 + 17*n + 895. Calculate the remainder when p(-17) is divided by 38.
6
Let g(b) = -14*b + 3 + b**2 + 9*b + b**3 + 3*b**2. Let a(n) = -n**3 + 6*n**2 - 3*n - 10. What is the remainder when a(4) is divided by g(-5)?
1
Suppose 4*u = -2*j + 390, -3*u - 730*j = -725*j - 310. Calculate the remainder when 756 is divided by u.
91
Let g be 6/9*(-6)/1. Let r(q) be the second derivative of -2*q**3/3 + 3*q**2/2 + q. What is the remainder when r(g) is divided by 12?
7
Suppose -5*r + 347 = u, -76 - 198 = -4*r + u. Let s = 410 + -439. What is the remainder when r is divided by -8 + (s - -11)/(-1)?
9
Let g = -7766 + 7813. Calculate the remainder when 101 is divided by g.
7
Calculate the remainder when 2 + 7 + -35*(2272/10)/(-16) is divided by 238.
30
Let g = -44890 + 44944. What is the remainder when 1182 is divided by g?
48
Suppose -87 = -4*b - 267. Let m = 48 + b. Suppose 6*c - 4*c + u = 11, m*c - 4*u = -11. Calculate the remainder when 7 is divided by c.
1
Let v(b) = -2*b**2 + 9*b - 2. Let j be v(4). Suppose 5*r = 10 - 0. Suppose -r*c + 22 = j. Calculate the remainder when 39 is divided by c.
9
Let f(b) = b**3 + 11*b**2 - 12*b + 14. Let x(m) = m**3 + 6*m**2 + 2*m. Let h be x(-6). Calculate the remainder when 12845/210 + 10/12 is divided by f(h).
6
Let r(z) = z**3 - z**2 - 25*z + 146. What is the remainder when r(6) is divided by 46?
38
Suppose -21*f = -71*f + 10300. Calculate the remainder when f is divided by 67.
5
Suppose 10*j = 148 - 18. Let m(z) = 77*z - 2. Let k be m(4). Suppose 4*x = 4*g - 276, g + 2*x = -3*g + k. What is the remainder when g is divided by j?
9
Let w(i) = i**3 - 11*i**2 - 9*i - 18. Let a = 38 + 50. What is the remainder when a is divided by w(12)?
16
Let u(w) = w**3 + 9*w**2 - 11*w. Let p be 10*2/((-3 + 2)*2). Let l be u(p). What is the remainder when (-9)/(-6) + 135/l is divided by 3?
0
Let o = 19464 + -19311. Suppose 68 = -2*r + 172. What is the remainder when o is divided by r?
49
Let q = 20487 - 19839. What is the remainder when q is divided by 359?
289
Let r(b) = -4867*b - 20517. What is the remainder when r(-6) is divided by 41?
34
Let j = 12 - 12. Suppose 2*g - i = i + 52, j = 5*g + 5*i - 140. Let t(o) = 15*o - 440. Calculate the remainder when t(32) is divided by g.
13
Suppose 4*l + 16*m = 21*m + 150, -5*l = -9*m - 204. Calculate the remainder when 535 is divided by l.
25
Let z(y) = y**3 - 49*y**2 - 150*y - 30. What is the remainder when 1981 is divided by z(52)?
7
Suppose 112*r - 660 = 1764 + 488. What is the remainder when 2127 is divided by r?
21
Let b(f) = 6*f**3 - 17*f**2 - 34*f + 42. Calculate the remainder when b(11) is divided by 35.
32
Let z be 1/3 - 14/6. Suppose 2*u - 4*p - 31 = -9*p, -4*p + 4 = -u. What is the remainder when 27 - (-3 - -2) - z is divided by u?
6
Let a be (2/(-5))/(11/(-440)). Let t be (19 - a) + -1*3. Let b(y) = 2*y + 31. What is the remainder when b(t) is divided by 17?
14
Suppose 14*a + 3*i = 9*a + 35126, 5*a = 5*i + 35070. Calculate the remainder when a is divided by 16.
13
Let v = -753 + 2056. Calculate the remainder when v is divided by 337.
292
Suppose -39958 + 40732 = 18*n. What is the remainder when 597 is divided by n?
38
Let d(t) = t**3 - 3*t**2 + 10. Let p be d(3). Suppose 0 = 5*i + 20, -2*f + 4*i = i + p. Let k = 26 - f. What is the remainder when k is divided by 16?
5
Let g(h) = 11*h**2 + 8*h - 6. Let a = 305 + -301. Calculate the remainder when g(a) is divided by 53.
43
Let i be ((-8)/(-20))/(6/45). Calculate the remainder when 127 is divided by (-671)/122*(-2*i)/1.
28
Calculate the remainder when 155 is divided by -3*36/162*(-63)/2.
8
Suppose -4*q - 11*o + 1421 = -12*o, -4*q = 3*o - 1417. What is the remainder when q is divided by 109?
28
Let d(p) = p**2 - 40*p - 567. Calculate the remainder when d(-16) is divided by 145.
39
Calculate the remainder when 700 is divided by 5/((-16)/1080*-15*(-3)/(-2)).
10
Let w(t) = -26*t - 9. What is the remainder when w(-6) is divided by (-33 - -85) + (-8 - 12)?
19
Let t = -3605 - -4247. Calculate the remainder when t is divided by 60.
42
Let f be (-86)/(-3) - (-9)/(162/(-30)). Let l = 91 + f. Calculate the remainder when l is divided by 33.
19
Let o(b) = 9*b - 28. Let p be o(3). Calculate the remainder when (-66)/9*6/4*p is divided by ((-4)/6)/(2/(-12)).
3
Suppose -3*s + 43 = 5*l - 456, s = -l + 159. Calculate the remainder when s is divided by -1 + 2 + 30 + -1.
28
Suppose 5*v - 5*y = 1530, -3*v + 124 = -y - 798. Let f = 327 - v. What is the remainder when 52 is divided by f?
14
Let z(w) = -3*w**3 + 31*w**2 - 20*w + 7. Let b(a) = -a - 6. Calculate the remainder when z(9) is divided by b(-13).
4
Suppose -49*n = -56*n + 4095. Calculate the remainder when n is divided by 194.
3
Let o = -275 - -1340. What is the remainder when o is divided by 174?
21
Suppose o + 4*o - 278 = -3*d, 3*o - 12 = 0. Suppose -2*q = -3*z + 123, -3*q + 61 + d = 4*z. What is the remaind